Is 24965 a composite number?
True
Is 57413 prime?
True
Is 1387 a prime number?
False
Is 17519 composite?
False
Is 6101 composite?
False
Is 57053 a prime number?
False
Is 268943 composite?
True
Is 951 composite?
True
Is 565093 composite?
True
Is 8887 a composite number?
False
Is 2533 a prime number?
False
Is 346793 prime?
True
Is 109279 composite?
False
Is 52601 a composite number?
True
Is 1096243 a composite number?
True
Is 27211 a prime number?
True
Is 41647 a prime number?
True
Is 1100773 a prime number?
True
Is 286289 composite?
False
Is 228286 prime?
False
Is 201013 composite?
True
Is 2771 a prime number?
False
Is 615583 a prime number?
False
Is 88211 composite?
False
Is 53107 composite?
True
Is 596779 a composite number?
False
Is 107907 a composite number?
True
Is 14141 composite?
True
Is 4531 composite?
True
Is 35293 prime?
False
Is 68351 a composite number?
False
Is 10977 a composite number?
True
Is 115531 prime?
False
Is 8929 prime?
True
Is 610619 prime?
True
Is 41411 a composite number?
False
Is 13387 a composite number?
True
Is 111307 prime?
False
Is 10499 composite?
False
Is 18035 prime?
False
Is 128111 composite?
False
Is 134837 prime?
True
Is 18319 a prime number?
False
Is 2134997 prime?
False
Is 13033 prime?
True
Is 846577 a composite number?
False
Is 1452109 prime?
True
Is 145771 a composite number?
False
Is 3661 a prime number?
False
Is 58553 a prime number?
False
Is 4751 prime?
True
Is 255661 prime?
False
Is 22177 prime?
False
Is 881591 composite?
False
Is 35363 prime?
True
Is 42533 a composite number?
False
Is 13709 a composite number?
False
Is 169601 a composite number?
True
Is 15727 a prime number?
True
Is 93851 a composite number?
False
Is 974 prime?
False
Is 592609 prime?
True
Is 6197 prime?
True
Is 7022 a prime number?
False
Is 2393 a composite number?
False
Is 1298611 a composite number?
False
Is 223297 composite?
True
Is 47221 composite?
False
Is 41569 a composite number?
True
Is 60439 a composite number?
True
Is 90659 a prime number?
True
Is 20633 a composite number?
True
Is 395606 a composite number?
True
Is 15845 a prime number?
False
Is 1949 composite?
False
Is 170899 a prime number?
True
Is 7 a prime number?
True
Is 307101 a composite number?
True
Is 144289 a prime number?
True
Is 128171 prime?
False
Is 57107 composite?
False
Is 230705 a prime number?
False
Is 1733 prime?
True
Is 782699 a prime number?
False
Is 71159 composite?
True
Is 67299 composite?
True
Is 1206457 composite?
True
Is 43931 prime?
False
Is 247 a composite number?
True
Is 94477 a prime number?
True
Is 6487 composite?
True
Is 24071 prime?
True
Is 2540185 a composite number?
True
Is 9277 composite?
False
Is 101197 composite?
False
Is 40389 a composite number?
True
Is 6209771 a prime number?
False
Is 955 prime?
False
Is 188039 a prime number?
False
Is 177 prime?
False
Is 9151 prime?
True
Is 3071 prime?
False
Is 16603 composite?
False
Is 106591 a prime number?
True
Is 229127 composite?
False
Is 46135 composite?
True
Is 186799 a prime number?
True
Is 4481 prime?
True
Is 8143 a prime number?
False
Is 609463 a prime number?
False
Is 36739 prime?
True
Is 4229 a prime number?
True
Is 372097 prime?
False
Is 47023 a prime number?
False
Is 2703551 composite?
False
Is 444589 a composite number?
False
Is 16033 a prime number?
True
Is 153247 a prime number?
True
Is 4937 composite?
False
Is 1051469 composite?
False
Is 1633 a prime number?
False
Is 109297 a composite number?
False
Is 295763 a prime number?
False
Is 502015 a composite number?
True
Is 512374 composite?
True
Is 7217 prime?
False
Is 101521 prime?
False
Is 420539 prime?
False
Is 21191 a prime number?
True
Is 49978 composite?
True
Is 1055 prime?
False
Is 38495 a prime number?
False
Is 194563 composite?
True
Is 205703 a composite number?
False
Is 84163 a composite number?
False
Is 1816291 a prime number?
False
Is 37871 a prime number?
True
Is 236647 prime?
False
Is 20483 a composite number?
False
Is 52433 prime?
True
Is 20606 prime?
False
Is 32489 a composite number?
True
Is 13639 a prime number?
False
Is 87211 prime?
True
Is 350255 a prime number?
False
Is 67849 prime?
False
Is 3587 a prime number?
False
Is 9977 a prime number?
False
Is 1639 a composite number?
True
Is 2897815 composite?
True
Is 1448929 composite?
False
Is 201099 a composite number?
True
Is 8321 composite?
True
Is 35687 composite?
True
Is 3233419 a prime number?
False
Is 47665 a prime number?
False
Is 2973 prime?
False
Is 10813 a composite number?
True
Is 15421 prime?
False
Is 5223 prime?
False
Is 31127 prime?
False
Is 1901057 composite?
True
Is 2411681 composite?
True
Is 2179 prime?
True
Is 887 prime?
True
Is 83999 a composite number?
True
Is 482819 a composite number?
False
Is 2691337 prime?
False
Is 115727 composite?
False
Is 160049 prime?
True
Is 8191 a prime number?
True
Is 1538151 prime?
False
Is 86683 a composite number?
True
Is 6353 composite?
False
Is 796447 prime?
True
Is 5991 composite?
True
Is 468973 a prime number?
True
Is 81854 composite?
True
Is 12301 a composite number?
False
Is 191999 a prime number?
True
Is 29269 prime?
True
Is 113327 a prime number?
True
Is 20681 a prime number?
True
Is 216023 a prime number?
True
Is 25523 a prime number?
True
Is 180655 prime?
False
Is 37319 prime?
False
Is 56401 prime?
True
Is 1219889 prime?
False
Is 1948247 prime?
False
Is 24527 a prime number?
True
Is 11027 a composite number?
False
Is 68401 a composite number?
True
Is 3674107 composite?
True
Is 110119 composite?
False
Is 2153 a prime number?
True
Is 632521 composite?
False
Is 1067 a composite number?
True
Is 2056193 a prime number?
True
Is 317 a prime number?
True
Is 7978 composite?
True
Is 4861 composite?
False
Is 1772851 a composite number?
False
Is 474803 prime?
False
Is 227027 a composite number?
False
Is 7367 prime?
False
Is 67457 a composite number?
True
Is 4127 prime?
True
Is 1467797 a composite number?
True
Is 6857 composite?
False
Is 191861 prime?
True
Is 3359 prime?
True
Is 156667 a composite number?
True
Is 53443 a composite number?
True
Is 19207 a prime number?
True
Is 874103 composite?
False
Is 24331 a composite number?
True
Is 477791 a composite number?
False
Is 13259 composite?
False
Is 31399 composite?
True
Is 613 prime?
True
Is 475577 a prime number?
False
Is 2983 prime?
False
Is 7573 a prime number?
True
Is 261403 a composite number?
True
Is 195527 prime?
True
Is 32869 a prime number?
True
Is 22757 a prime number?
False
Is 7283 a composite number?
False
Is 1761 prime?
False
Is 8009 composite?
False
Is 108497 prime?
True
Is 222655 prime?
False
Is 23251 a composite number?
False
Is 186551 a prime number?
True
Is 17349 composite?
True
Is 53849 prime?
True
Is 10831 composite?
False
Is 118435 composite?
True
Is 3683 a composite number?
True
Is 16843 a prime number?
True
Is 171493 composite?
True
Is 19639 a prime number?
False
Is 287967 prime?
False
Is 127393 a composite number?
True
Is 19151 a composite number?
True
Is 7099 prime?
False
Is 1931177 a composite number?
False
Is 32173 a prime number?
True
Is 462697 a prime number?
True
Is 458083 a prime number?
False
Is 67085 composite?
True
Is 85066 composite?
True
Is 63889 a composite number?
True
Is 22853 a composite number?
False
Is 6139 composite?
True
Is 126359 composite?
False
Is 1392043 a composite number?
True
Is 8893 prime?
True
Is 195991 prime?
True
Is 584447 prime?
True
Is 499153 a composite number?
True
Is 32713 a prime number?
True
Is 6467 a prime number?
False
Is 119345 composite?
True
Is 36538 prime?
False
Is 209249 a prime number?
True
Is 42793 a composite number?
False
Is 38039 a composite number?
False
Is 12071 composite?
False
Is 8147 a prime number?
True
Is 5647 a prime number?
True
Is 4670293 prime?
True
Is 94034 a prime number?
False
Is 130709 composite?
True
Is 44417 composite?
False
Is 389041 a prime number?
True
Is 45161 composite?
False
Is 1253 a prime number?
False
Is 841039 composite?
True
Is 143687 prime?
True
Is 3653959 a prime number?
True
Is 28901 prime?
True
Is 755663 a composite number?
False
Is 500009 a composite number?
False
Is 116789 prime?
True
Is 363541 a composite number?
False
Is 235465 a composite number?
True
Is 541427 a prime number?
False
Is 33403 composite?
False
Is 5435 prime?
False
Is 2493215 a composite number?
Tru